t k(f) = -3*f + 7. What is k(q)?
-14
Let d(t) = 8*t - 1. Suppose -8*w - 4 = -28. What is d(w)?
23
Suppose -w = -5*w + 8. Let l(d) = d - 2*d + 4*d**2 - 3*d**2 + d**w. What is l(-2)?
10
Let m(z) be the third derivative of -z**4/24 + 8*z**3/3 - 11*z**2. Let i be m(13). Let p(t) = -t**2 + 2*t + 2. What is p(i)?
-1
Let d(p) = -p**3 - 5*p**2 - 4*p - 6. Let n(b) = -b**3 - 15*b**2 - 14*b - 4. Let y be n(-14). Determine d(y).
-6
Let m(l) be the second derivative of -5*l + 1/2*l**3 + 0 + 0*l**2. What is m(-1)?
-3
Let d(f) = -f - 3. Let h = 36 + -41. Determine d(h).
2
Let r(h) = -10*h - 4. Let q be r(-1). Let v(u) = 2*u + 1 - 6*u + 3*u. Determine v(q).
-5
Let i(z) be the second derivative of z**3/6 + 2*z**2 + 3*z. Determine i(-5).
-1
Suppose 0*m + 3*m - 12 = 0. Let o(l) = 3 + 0*l + 0*l**2 + 3*l**2 + 4*l + 0 - l**3. Give o(m).
3
Suppose 1 + 2 = -3*y. Suppose 5*n = z + 21, 3*z - 1 = -n + 16. Let b(m) = 7*m**2 + 2*m - 3. Let h(s) = s**2 + s. Let d(j) = n*h(j) + y*b(j). What is d(3)?
-6
Let d(u) = -u**3 + 9*u**2 - 9*u + 2. Let f be -2 - -4 - (-72)/12. Calculate d(f).
-6
Let c be 0/8*2/6. Let a(i) = -5*i**2 + 3*i + 1. Let u(v) = -v**2 + v - 1. Let o(r) = -a(r) + 4*u(r). Calculate o(c).
-5
Let k(j) = 2 - 4 + 3 - 2*j - 5*j. Give k(-2).
15
Let u(p) = -3*p**2 + 2*p + 23. Let w(x) = -2*x**2 + x + 12. Let l(r) = -3*u(r) + 5*w(r). What is l(0)?
-9
Let d(n) = -n**2 - 5*n + 6. Let w be d(-6). Let y be (-5)/((-30)/(-9))*-2. Suppose -a - y + 1 = w. Let m(j) = j. Determine m(a).
-2
Let a be 2/(-11)*-1 - 1610/385. Let n(q) = q + 3. Give n(a).
-1
Suppose 3*z = -2*t + 3, -3*t = 2*z - 6 - 6. Let h(y) = 10 + 1 + 0 - y. Determine h(t).
5
Let m(c) = 6*c**3 + 2*c**2 + 2*c + 1. Suppose 2*w - 5*f + 8 = -19, 13 = 2*w + 3*f. What is m(w)?
-5
Let c be 3/(-2) + (-3)/6. Let g(z) = -z**2 - 3*z - 3. Determine g(c).
-1
Suppose -11 = -4*h + 1. Suppose 0 = -4*m + h*m. Suppose m*w = -r - w, -4*r = -4*w - 8. Let x(j) = -2*j**3 + 2*j**2 - j. Determine x(r).
-1
Let a(i) = -i**2 + 3*i - 3. Let s be a(4). Let z(l) = -l**2 - 8*l - 7. Give z(s).
0
Let a(v) = 2*v**2 - 1. Let l = 7 + -4. Suppose -5*q - 4 = -l*q. Calculate a(q).
7
Let c(r) be the first derivative of r**3/3 - 2*r**2 - 8*r + 29. Let f(n) = n**3 + 5*n**2 - n + 1. Let y be f(-5). Give c(y).
4
Suppose -2*d - 5*m - 20 = 0, 3*m - 9 = 3*d - 0*m. Let w(s) = 0*s + 2*s + 2*s - 3*s. Give w(d).
-5
Let u(w) = 2*w - 2. Let x be -3 - (-6)/(-1 + 3). Let v be x/(-3) - 6/2. Give u(v).
-8
Let b(h) = -h**2 + 1. Let k(j) = -j**3 - 7*j**2 + 3*j + 3. Let x(a) = 5*b(a) - k(a). Give x(-3).
2
Let p(s) be the third derivative of -s**4/24 - s**3/2 + 2*s**2. Let m = 4 - 8. Calculate p(m).
1
Let u = -8 + 2. Let i(c) = -8 + c**2 - 5 + 19 - 2*c**2 - 3*c. Give i(u).
-12
Let f(n) = -n**2 - n - 2. Let g(y) = 3*y**2 + 2*y + 5. Let s(o) = 5*f(o) + 2*g(o). Give s(-3).
12
Suppose -2*k + 4*v - 2*v = -6, -5*k + 16 = -4*v. Let h(r) = 0 + 3*r**3 + r**3 - r - k*r**2 - 3*r**3 - 5. Determine h(4).
-9
Let d(h) = h**3 + 4*h**2 - 2*h + 4. Suppose r = -3*r - 4*g - 16, -3*r - 16 = -g. Give d(r).
-11
Let w(m) = -2*m + 1. Let g(o) = o - 2. Let t be g(-1). Calculate w(t).
7
Suppose -q - 4*m = -3*q, 2*m - 2 = 0. Suppose 4*s + 0*t = -q*t + 10, 0 = 5*s + 2*t - 13. Let v(g) = -4*g. What is v(s)?
-12
Let n(d) = -1 + d + 10 - 5*d - 6. Let z(r) = r**3 + 3*r**2 - 4*r + 2. Let a be z(-4). Give n(a).
-5
Suppose 3*b - 35 = 10. Suppose t - b = -4*t. Let u(d) = -d**2 + 3*d + 2. Calculate u(t).
2
Let g(r) = 5*r**3 + 2*r**2 + 2*r + 1. Suppose -2*l + 5 - 7 = 0. What is g(l)?
-4
Let i(d) be the third derivative of 0 + 1/15*d**5 + 0*d + d**2 + 1/2*d**3 - 1/6*d**4. Determine i(2).
11
Let z be (-1)/(1/(-1))*1. Let g(q) = q**3 + q - 1. Let n(l) = 12*l**3 - 2*l**2 + 7*l - 6. Let j(r) = 6*g(r) - n(r). Calculate j(z).
-5
Let c be -1 + (2 + 0)/(-2). Let t(k) be the third derivative of k**2 + 1/2*k**3 + 0*k + 1/12*k**4 + 0 - 1/60*k**5. Determine t(c).
-5
Let n = 35 + -38. Let b(l) be the first derivative of -2*l**3/3 - 3*l**2/2 + 5*l + 1. Let m(s) = s**2 + s - 1. Let h(t) = -b(t) - m(t). Give h(n).
-1
Suppose -5*r - 5*o = -10, 5*r = r - 3*o + 9. Let f be (-32)/12*r - -3. Let y(a) = -a**3 - 4*a**2 + 2*a - 4. Give y(f).
11
Suppose 3 = v + 3*c, 0 = -2*v - 3*c - 0 + 6. Let s(k) be the second derivative of -k**3/3 + k**2 + 2*k. Determine s(v).
-4
Let j(f) = f. Let i be (-1)/2 + (-9)/(-18). What is j(i)?
0
Let c(j) = -j**3 + 4*j**2 - 2*j + 2. Let r = -39 + 43. Calculate c(r).
-6
Let v(y) = 5*y**3 + y**2. Let p = 16 + -15. What is v(p)?
6
Let q(g) = 4*g**2 - g**2 + 3*g**2 + 1. Let f(n) = -n**2 + 2*n + 4. Let d be f(3). Determine q(d).
7
Let u(f) = f**3 - f**2 + f - 11. Let x be (3 + 21/(-6))*(-1 + 1). Give u(x).
-11
Let t(k) = -k**3 + 8*k**2 - 8*k + 7. Let y be t(7). Suppose w = -y*w + 4. Let i(b) be the first derivative of -b**2/2 - 5*b - 1. Give i(w).
-9
Let a(h) = h + 2. Let z be a(2). Let y(p) be the third derivative of -1/24*p**4 + 0 - p**2 - 5/6*p**3 - 1/20*p**5 + 0*p + 1/120*p**6. Calculate y(z).
7
Let b be (-4)/6 + (-16)/(-6). Let d(s) = 6*s. Determine d(b).
12
Let c be 4/10 - (-2)/(-5). Let t(q) = -1 + c*q**3 + 2 - 6*q**3 - 2. Calculate t(1).
-7
Let f(h) = 2 - 19*h - 19*h + h - 4 + 35*h. Let j = 0 + 3. Suppose -y = j*y - 8. Determine f(y).
-6
Let g(h) = -h**2 - 2*h + 7. Let r be g(-3). Let i(s) = -s**2 + s + 2. Determine i(r).
-10
Let y(r) = -3*r**3 + 3*r**2 - 2*r - 2. Let i(d) = -4*d**3 + 3*d**2 - 2*d - 1. Let p(n) = -4*i(n) + 5*y(n). Give p(-4).
-14
Let v(r) = r**2 - 5*r - 1. Let z be (-32)/(4/(-1)) + -3. Give v(z).
-1
Let q = 39 - 42. Let m(b) = -b. Calculate m(q).
3
Let l(m) = -2*m**2 + 17*m + 11. Let u = 0 - 6. Let k(f) = -9*f - 5. Let s(j) = j**2 - 1. Let a(n) = -k(n) - s(n). Let y(d) = u*l(d) + 11*a(d). What is y(4)?
4
Let h(n) = n**3 - n - 2. Suppose 4*a + 4 - 12 = 0. Suppose -a*y + 4 = 2*g, 4*y + 10 = 6*g - g. Determine h(y).
-2
Let i(f) = -f**3 + 2*f**2 - 1. Let b be i(0). Let z(n) = 2*n**3 + n**2 + n. Determine z(b).
-2
Let a(z) = -2*z**2 + 5*z + 4. Let l(r) = -r**2 + 10*r - 12. Let x be l(9). Let f be (x - 0)/((-18)/24). Determine a(f).
-8
Let u(o) = -2*o**2 - 4*o - 3 + 0*o + 2. Suppose -2*q - 20 = 3*x, q + 2*x + 16 = 4. Let k be -5 - -3*q/(-6). Determine u(k).
-7
Suppose -2*o = 0, -3*o + 3 = 4*b - 41. Let x = b + -8. Let u(r) = 3*r**2 + 8. Let n(f) = -5*f**2 - 15. Let g(i) = 4*n(i) + 7*u(i). What is g(x)?
5
Let s(v) = v**2 - 7*v - 10. Let r = -73 + 81. What is s(r)?
-2
Let u(w) = -w - 1. Let x = -6 + 8. Calculate u(x).
-3
Let h(u) = -u - 7. Suppose 2*f = 4*f. Suppose f + 30 = -5*c. Give h(c).
-1
Let s(n) be the third derivative of n**4/24 + 2*n**3/3 + 4*n**2. What is s(-5)?
-1
Suppose 3*q + 1 - 28 = 0. Suppose 0*r = -5*r + 15. Let l(f) = f + r*f - 5*f - q. Give l(0).
-9
Let s = -2 - -2. Let r = s + 2. Let f(p) = -p**3 + 3*p - 4*p - 1 + p + 2*p**2. What is f(r)?
-1
Let b(h) be the first derivative of -h**4/4 - 5*h**3/3 - 7*h**2/2 - 5*h + 10. Give b(-4).
7
Let r = -2 - 3. Let g(c) = 0*c + 7 + 6*c - 4*c. Determine g(r).
-3
Let j(k) = k + k**3 + 2 + 2*k**2 + 3*k + k**2 + 0*k**2. Let h be j(-2). Let n(l) = -l**3 - 2*l**2 + l. Give n(h).
-2
Suppose i = 2*t + 16, 3*i + 3*t + 1 = 4. Let g(r) = -r + 6. Give g(i).
0
Let q(k) be the first derivative of k**4/4 + 4*k**3/3 - 3*k**2 - 6*k + 27. What is q(-5)?
-1
Suppose -3*t - t = -28. Let a(m) = -4*m**2 + m**3 - 2*m**2 - 1 + t*m - 6. Give a(5).
3
Suppose -3*j = -5*p + 30, -j = -0*j + 5. Let u(m) = -8 + 0*m - 4*m + 3*m + p*m. Determine u(6).
4
Let v(y) = -5 + 3*y - 11 + 15. Give v(1).
2
Let t = 5 - 2. Let g(m) = 3*m - 4. Let j be g(t). Let a(v) = 3 + j*v - 2*v - 2*v. Determine a(-3).
0
Let s = 4 + -4. Let c(g) = -g**2 - g + 9. Calculate c(s).
9
Let c(b) = 4*b**3 - 7*b**2 - 7*b - 5. Let o be 2/((2 - -4)/(-3)). Let g(y) = -2*y + y**3 + 2*y. Let n(v) = o*c(v) + 5*g(v). Determine n(-6).
-1
Let q(t) = -69*t**3 + 4 - 6*t**2 + 68*t**3 + 0*t - 2*t. Determine q(-4).
-20
Let a(v) = -v**2 + 1. Let t = 2 + 1. Suppose -i = -0*i, 42 = 2*u - t*i. Suppose 2*m = -5*p + p - 18, 3*m = -3*p - u. What is a(p)?
-3
Let l(i) be the second derivative of i**6/360 + i**5/60 + i**4/12 + 2*i. Let f(z) be the third derivative of l(z). Let v = 3 + -7. Calculate f(v).
-6
Let a be (-1 + -4)*(1 - 2). Let q be (2/3)/(6/27). Suppose 3*s = -2*p - p + 9, -q*s - 5*p + a = 0. Let f(r) = 2*r - 7. De